= p**3 + 15*p**2 + 5*p - 24. Calculate the remainder when k(-13) is divided by 42.
39
Suppose 2*k + 0*k + 28 = 0. What is the remainder when 5 is divided by 1*4 + k/(-14)?
0
Let b be ((-2)/2)/((-3)/15). Suppose 5*l = -b + 120. Let y = 68 + -24. What is the remainder when y is divided by l?
21
Let v = -45 + 69. Suppose -v*h = -21*h - 21. Calculate the remainder when 27 is divided by h.
6
Suppose 0*v + 20 = 2*z - 2*v, -4*v - 30 = -2*z. Suppose 0 = -z*x - 25, -2*p = -p - 3*x - 27. What is the remainder when p is divided by 8?
4
Let o = 10 - 5. Suppose o*i - 281 = -q, -i + 0*q = -2*q - 65. Suppose -4*k = 4*k - 232. Calculate the remainder when i is divided by k.
28
Suppose 4 = -r + 3*r, 0 = 4*q - 4*r - 140. Calculate the remainder when 55 is divided by q.
18
Let x(f) = 46*f - 48. Calculate the remainder when x(6) is divided by 46.
44
Let g(p) = -p**2 - 8*p - 5. What is the remainder when -7 - (4 + -1 - (-26 - -75)) is divided by g(-6)?
4
Let j(m) = m**2 + m + 3. Suppose 0*q = 4*q + 8. Let o(y) = -y + 2. Let h be o(q). Calculate the remainder when 89 is divided by j(h).
20
Suppose 15*v - 195 = 10*v - 4*i, -3*i - 230 = -5*v. What is the remainder when 127 is divided by v?
41
Calculate the remainder when (0/7)/3 - -92 is divided by 5.
2
Suppose z = -10 - 2. Let j(n) = n**3 + 13*n**2 + 10*n - 20. Calculate the remainder when 4 is divided by j(z).
0
Suppose 2*o - 15 = -11. What is the remainder when 9 is divided by ((-1)/(-3))/(o/48)?
1
Let p(n) = -219*n**3 + 3*n**2 + 11*n + 9. What is the remainder when p(-1) is divided by 45?
40
Suppose 6*u + 29 - 245 = 0. Suppose -2*s = -13 - 1. What is the remainder when (-1*7/(-2) + -3)*u is divided by s?
4
Suppose -4*d - g = 2*g - 25, 0 = -5*d + 4*g + 39. Calculate the remainder when 48 is divided by d.
6
Let v be (6/4)/(8/(-528)). Let b = v - -128. What is the remainder when 258 is divided by b?
26
Let s = -234 - -267. What is the remainder when 590 is divided by s?
29
Let x(y) = y**2 + 7*y - 3. Let c = 1 + -10. Let d be x(c). Let o = d - -63. What is the remainder when o is divided by 27?
24
Suppose 192*a - 270 = 186*a. Calculate the remainder when a is divided by 3.
0
Let g = 129 - 108. Calculate the remainder when 87 is divided by g.
3
Suppose 149 = 17*b - 1007. What is the remainder when 1221 is divided by b?
65
Let l = -149 + 166. What is the remainder when l is divided by 10?
7
Let i(j) = 0 - 2 + 6*j**2 + 0 - 5*j - j**3 - 1 + 2*j**2. Let f be ((-1)/(-2))/((-1)/(-14)). What is the remainder when 40 is divided by i(f)?
7
Let i = -17 - -33. Suppose -3*w + r = -112, -4*w + 146 = -2*r - 0. What is the remainder when w is divided by i?
7
Suppose -6*f + f + 5 = 0. Suppose 2*u + 76 = 4*a, -5*u = -21 + f. What is the remainder when a is divided by 14?
7
Suppose 17 = -2*h + 5*d + 146, h - 42 = -5*d. What is the remainder when 137 is divided by h?
23
Suppose 24*l = 43*l - 1558. Calculate the remainder when l is divided by 22.
16
Let l(i) = -2*i + 150. Calculate the remainder when l(40) is divided by 57.
13
Let a = 193 - 156. Calculate the remainder when a is divided by 4.
1
Let b be 0 - (2 + -15*6). Suppose 3*k = -13 + b. Calculate the remainder when 73 is divided by k.
23
Suppose 0 = -0*s + 4*s. Suppose 3*o - 16 - 122 = s. What is the remainder when o is divided by 16?
14
What is the remainder when (1*(-1)/(-4))/((-1)/(-428)) is divided by 25 + (-7)/(-1)*-1?
17
Let l(o) = 4*o**2 - 37*o - 66. Calculate the remainder when 91 is divided by l(11).
3
Suppose -79 = 2*g + 75. What is the remainder when 334/14 - 11/g is divided by 13?
11
Suppose -5330 = -155*c + 145*c. What is the remainder when c is divided by 77?
71
Suppose 862*v = 873*v - 1826. Calculate the remainder when v is divided by 25.
16
Suppose 626 = 5*n - 2*d, 4*n - 2*d = 821 - 321. Let k = n - 114. Suppose x = -3*x + 132. What is the remainder when x is divided by k?
9
Let g(z) = 159*z + 22. Let r be g(4). Suppose r + 57 = 13*p. What is the remainder when 108 is divided by p?
53
Let i = 443 - 410. Calculate the remainder when 58 is divided by i.
25
Suppose -3*h + 7*h - 20 = 0. Suppose -2*o - 7*o = 81. Let j(r) = -4*r - 17. What is the remainder when j(o) is divided by h?
4
Let h(m) = 19*m**2 + 3*m - 1. Suppose -413 = -19*k - 90. What is the remainder when h(2) is divided by k?
13
Let f be (57/38)/((-1)/(-26 - 2)). Let s = 46 - f. What is the remainder when (-2)/(-3) - (-16)/3 is divided by s?
2
Suppose 0 = u - 5*u + 16. Let r = 510 + -506. Calculate the remainder when r is divided by u.
0
Let p be 0*((-5)/2 - -2). Suppose p*f - 2*f = -28. Let r = 4 + f. Calculate the remainder when 70 is divided by r.
16
Suppose 0 = -2*m + 5*m + 54. Suppose 3*c - 2*c + 2 = 0. Let a = c - m. Calculate the remainder when a is divided by 9.
7
Let t = 404 - 355. Calculate the remainder when t is divided by 20.
9
Suppose -f - 190 = -265. Calculate the remainder when f is divided by 27.
21
Let a be (-1 - (-3)/9)*(-534)/(-4). Let t = -61 - a. Calculate the remainder when 109 is divided by t.
25
Let b = 11 - 5. Suppose 5*l - 39 = b. Let o = -11 + 17. What is the remainder when l is divided by o?
3
Let k be (-15)/(-6)*(12/(-15) + 2). What is the remainder when (480/(-50))/(((-18)/20)/k) is divided by 8?
0
Calculate the remainder when 92 is divided by 267/5 - 12/(-40)*2.
38
Let o(d) = 18*d**2 + 2*d - 2. Suppose 3 = 5*k - 2. What is the remainder when 35 is divided by o(k)?
17
Let f(j) = -j**2 - 33*j - 242. Calculate the remainder when 167 is divided by f(-14).
23
Let b = 206 - 298. Let j = b + 152. Suppose -1998 + 479 = -49*y. What is the remainder when j is divided by y?
29
Let g be ((-15)/1)/((-4)/(-12)). Let k be 10/g + 2/9. Suppose 3*f - 3*a - 246 = k, 4*f - 3*a = 5*f - 86. Calculate the remainder when f is divided by 28.
27
Let v(i) = 4*i**2 + 4*i - 2. Let b(g) = g**2 - 2*g - 3. Let l be b(-2). Let h be v(l). Let q = -77 + h. What is the remainder when q is divided by 21?
20
Let i = -1259 - -1265. Let g(v) = 8*v - 9. Calculate the remainder when g(6) is divided by i.
3
Suppose -5*x - 39 = -3*i, -4 = -3*i - x + 17. Calculate the remainder when 8 is divided by i.
0
Let c(k) = 13*k - 10. Suppose 38 + 87 = 5*n. What is the remainder when c(5) is divided by n?
5
Let b(k) = 2*k**2 + 14*k - 3. Calculate the remainder when 505 is divided by b(4).
80
Suppose 2*z - 259 = -221. Calculate the remainder when 21 is divided by z.
2
Let q(v) = -v**2 + 18*v + 16. Let i be q(19). Let j be -7 + i + 7 + 21. What is the remainder when j/45 - 68/(-5) is divided by 5?
4
Suppose 42 + 93 = 5*v. Let l = 138 + -5. Calculate the remainder when l is divided by v.
25
Suppose -3*h + 4*r = -526, -518 = -0*h - 3*h + 2*r. What is the remainder when h is divided by 35?
30
Let k(m) = -m**3 - 2*m**2 + 14*m + 8. Calculate the remainder when 21 is divided by k(-5).
8
Let h be 2/(-1 + (0 - -3)). What is the remainder when 17 is divided by -5*h*(-12)/10?
5
Let m = 9 - -5. Let i = -15 + 19. What is the remainder when m is divided by i?
2
Let g be (-158)/(-5) - 4/(-10). Suppose -t = -4 - g. Calculate the remainder when t is divided by (-174)/(-12) - 9/6.
10
Let q = -176 + 191. What is the remainder when q is divided by 1?
0
Suppose 3*g - 89*b = -92*b + 57, 3*b - 87 = -5*g. What is the remainder when 116 is divided by g?
11
Let l be 6/(-27) - 29/(-9) - 35. What is the remainder when (-2 + l/(-20))*(-2 - 233) is divided by 32?
30
What is the remainder when (-303)/(-3)*(1 + 0) is divided by 18?
11
Let k(n) = -4*n**2 + n + 2. Let g be k(3). Let o = 8 + g. Let c = -16 - o. What is the remainder when c is divided by 3?
1
Suppose -5*b + 152 = 2*w, -2*w + 5*b - 66 + 238 = 0. What is the remainder when 317 is divided by w?
74
Let l = 950 - 672. Calculate the remainder when l is divided by 3.
2
Let t be ((1 + -3)/(-2))/((-1)/(-47)). Suppose 4*d + 11 = t. What is the remainder when 26 is divided by d?
8
Let g(m) = 76*m - 437. Calculate the remainder when g(6) is divided by 9.
1
Let r = -130 + 243. What is the remainder when r is divided by 55?
3
Suppose 42 = 3*t - 60. Suppose -5*u + 7*u = t. Let w = u - -1. What is the remainder when 53 is divided by w?
17
Let g = -9 + 85. Calculate the remainder when g is divided by 1020/50 + -2*1/5.
16
Suppose 4*n - 2*v = -v + 111, 0 = -3*v + 15. Let c(p) = -p**3 + 20*p - 6. What is the remaind